e number?
False
Let f(v) = v**3 + 7*v**2 + 4*v - 8. Let h be f(-6). Suppose 5*x - 6 - h = 0. Suppose x*y = 7*y - 2*k - 961, -5*y - 3*k = -946. Is y a composite number?
False
Let i(o) = 156*o**2 + 9*o - 13. Is i(2) composite?
True
Let v = 1084 - 685. Suppose -a + 168 = -5*s, 4*s - 4*a + 49 = -79. Let p = v + s. Is p prime?
False
Let a be (-2)/(-1)*(-2)/(-2). Let w = 0 + a. Suppose q = -0*q - p + 84, -q + w*p = -81. Is q a composite number?
False
Let m(b) = -b**3 - 4*b**2 - 3*b + 4. Let p be m(-3). Suppose 4648 = 4*z + p*z. Is z a composite number?
True
Suppose -42*r + 735189 = -1135365. Is r a composite number?
False
Let v = 19 + 2. Suppose v = 5*k + 3*a, -4*k + 4*a + 42 = k. Suppose -3*p = -f + 85, -k*f + p = -f - 397. Is f composite?
False
Let y = -335 + 583. Suppose 2*w - 402 = -5*x, 2*w - 138 = -x + y. Is w a prime number?
True
Let m = -116288 - -181965. Is m a composite number?
False
Let n = -29 + 34. Let d be 5056/n + 4/(-20). Suppose -3*g - d = -6*g. Is g a composite number?
False
Let k(u) be the second derivative of -u**3 - u**2/2 + 8*u. Is k(-10) a prime number?
True
Suppose 0 = -10*m + 2 + 118. Let k(s) = 60*s + 19. Is k(m) a prime number?
True
Suppose -3*r - 4172 = -o, r - 4*o + 1444 = 35. Let x = r + 5882. Is x a composite number?
False
Suppose 3*z + 8 = 17. Suppose -597 = u + z*y - 2821, y + 8883 = 4*u. Is u a prime number?
True
Suppose -417267 = 29*m - 1402310. Is m a composite number?
False
Is -24*(-2)/16 + (-2 - -20592) a prime number?
True
Let n = 63 - 35. Suppose 0 = u + n. Is (-188)/u - (-2)/7 composite?
False
Let a(n) = 2*n**3 + n**2 + 3*n - 3. Let h be a(1). Suppose h*s - 383 = -2*g + 153, -g = -2*s - 282. Is g composite?
True
Suppose -41 = q - 177. Suppose -q = -g + m, 6*m = -3*g + m + 368. Is g composite?
False
Is 63193/((-22 - -20) + (2 - -1)) composite?
True
Suppose 5*q = -3*n + 1538, 3*n - n + 938 = 3*q. Let r = 603 - q. Is r a composite number?
False
Let a = -41 + 1438. Is a a composite number?
True
Let u(w) = 3153*w**2 + 6*w - 17. Is u(2) composite?
True
Suppose 2*b - 3*y - 34 = 0, -b + 1 = -5*y - 2. Suppose 0 = 4*r - 641 - b. Suppose 0 = -2*j + 4*q + r, 5*j + 3*q = 8 + 446. Is j a prime number?
True
Let f(c) = -89*c**3 + 6*c**2 + 18*c. Is f(-5) prime?
False
Suppose 4*t + 4*j - 39132 = 0, -23*j + 21*j = 3*t - 29347. Is t prime?
True
Let q(o) = o**3 - 8*o**2 - 10*o + 9. Let g be q(9). Suppose -u - 10953 = -5*y, -2*u - 4378 = -2*y - g*u. Is y composite?
True
Let k(i) = -125*i + 7. Let x(v) = 124*v - 6. Let q(p) = -5*k(p) - 6*x(p). Let f(d) = -d**3 - 13*d**2 - 15*d - 38. Let b be f(-12). Is q(b) a prime number?
True
Let u(q) = 114*q**2 + 5*q - 9. Suppose 4*v = 12, -5 = -5*s + 7*v - 2*v. Is u(s) a composite number?
True
Let g = -1432 + 2700. Is g/10 + (-3)/(-15) a composite number?
False
Suppose -1882 = -5*t + 4*o - 25, -3*o - 1854 = -5*t. Suppose 1169 = -4*j + t. Let w = -15 - j. Is w composite?
True
Suppose -6241 - 6572 = -3*z. Is z prime?
True
Let j(l) = 23*l**2 - 163*l + 15. Is j(-14) a composite number?
True
Let f(r) be the second derivative of 3*r**2 - 1/2*r**3 + 0 + 4*r + 1/12*r**4. Is f(4) prime?
False
Let k = 628 + 365. Suppose 0*c + c - 331 = -3*m, -3*c = -2*m - k. Is c prime?
True
Let v = 1302 + -889. Is v prime?
False
Let p = 10 - 21. Let n = -7 - p. Suppose -2*y + 4*t + 414 + 44 = 0, 0 = -n*y + t + 930. Is y composite?
False
Let z(b) = -6415*b - 928. Is z(-9) a composite number?
False
Let t = 20 + -18. Let r(a) = 17*a**3 + 0*a - a - 18*a**3 + 8 - 4*a**t + a**2. Is r(-7) prime?
True
Suppose -2*q + 4*m = -576, -140 = -q - 2*m + 144. Let r = q - 109. Is r prime?
False
Let s(x) = 3*x + 49*x + 1 - 2. Let l be s(-2). Let c = 328 + l. Is c a composite number?
False
Suppose 0*t - 5*t + v + 2961 = 0, -5*v + 2392 = 4*t. Let i = t + 258. Is i composite?
True
Let o(w) = -302*w**2 - 3*w + 5. Let y be o(3). Is (0 - 2)*y/4 prime?
True
Let x(d) = -d**2 + 6*d - 1. Let n be x(5). Suppose -4*c + 98 = -5*k, 0 = -3*k + n*c - 11 - 51. Is 3/k - 4017/(-18) a composite number?
False
Suppose 11*p - 1544 = 7641. Let x = p - 320. Is x a composite number?
True
Suppose -3*l + 8*l + 53725 = 4*i, -5*i + 4*l = -67163. Is i a prime number?
False
Let r = 15 - 15. Suppose s = -r*s + 57. Is s a composite number?
True
Let p be (-63)/28*(-3 + -1). Is -13 + 9 + (6942 - p/(-3)) a prime number?
False
Let q = 9 + 6. Suppose -348 = -q*b + 14*b. Let c = 1067 - b. Is c a composite number?
False
Suppose -5*g + 102 = -3*b + 982, -3*g = -4*b + 1177. Is b a prime number?
False
Suppose -14*a + 4*a = -40490. Is a composite?
False
Suppose -2*r + 3*r = 2*s + 12, 0 = 2*s + 5*r. Is 6/(-75)*s - (-9693)/5 a composite number?
True
Suppose l = x - 3, -2*x + 2*l = x - 11. Suppose 4*f - 4369 = -x*d, -d + 3*f + 897 = -2*f. Is d a composite number?
False
Let r(a) = 3*a + 3. Let j be 9/(2*6/(-8)). Let y be r(j). Is (5/y)/((-2)/954) a composite number?
True
Suppose 50*r = 54*r - 29516. Is r a composite number?
True
Suppose 9*u = -11*u + 49900. Is u a prime number?
False
Let w = 31973 - 21142. Is w prime?
True
Let j(y) = -63*y**2 - 3*y - 9. Let d be j(9). Let p(c) = c**2 + 4*c + 6. Let n be p(-4). Is d/(-54) + (-1)/n prime?
False
Suppose -5*h + 0*i = i - 23, -h = i - 7. Suppose 0*g - 1772 = -h*g. Is g prime?
True
Let j(r) = 7*r**2 + 11*r + 1. Let k be j(-9). Suppose -4*i - k = -5*i. Is i prime?
False
Let r(g) = 3*g - 6. Let i = -8 + 11. Let k be r(i). Suppose 134 = k*q - 2*p, q + 2*p - 7*p = 36. Is q a composite number?
True
Let w(z) be the third derivative of -11*z**6/40 - z**5/15 - z**4/6 - z**3/2 - 3*z**2 - 16*z. Let l(n) = n**3 + 3*n**2 - 4*n - 2. Let d be l(-4). Is w(d) prime?
False
Is (-43)/(-215) + (-32988)/(-10) a prime number?
True
Suppose -3*q + 2563 = 15*l - 13*l, 5*l = -q + 876. Is q prime?
False
Let x be (-489)/12*(1 - 5). Suppose r = -769 + x. Let q = -415 - r. Is q composite?
False
Let k = -922 + 1632. Suppose -9*x + k = -7*x. Is x a composite number?
True
Suppose -q = -5*q + 3*v + 14, -3*v - 9 = -3*q. Let f = -1412 - -2486. Suppose 461 + f = q*g. Is g a prime number?
True
Let a be 0/(12/3) - 1. Let q(o) = 404*o**2 - o - 2. Let v be q(a). Suppose 10*r - v = 9*r. Is r a composite number?
True
Let k(l) = -2*l**2 - 2 - 9*l - 2 + 2*l**3 + 2*l**2 - l**2. Let c be k(-6). Let g = 623 + c. Is g prime?
False
Let i be ((-4)/6)/(10/(-30)). Suppose -2*t = 3*h - 441, -4*h - 5*t + 587 = -i*t. Is h a composite number?
False
Suppose 68 = 5*n - 7. Suppose -1 + 7 = a - 2*h, -5*a + 5*h + n = 0. Suppose a = -4*z + 2*z + 634. Is z a prime number?
True
Suppose 0 = 3*a - 17184 - 3231. Suppose -5*n = -0*n - a. Is n prime?
True
Let b(m) = m**3 - 28*m**2 - 20*m + 61. Suppose -3*a + 21 = i, 0*i - 114 = -4*i - 2*a. Is b(i) a prime number?
False
Suppose -13*y + 7*y - 1968 = 0. Let i = y + 747. Is i composite?
False
Let d(n) = 518*n - 73. Let h be d(13). Let q = -2670 + h. Is q a prime number?
False
Suppose 14*k - 18*k + 3*v = -17456, -4*v - 21819 = -5*k. Is k composite?
True
Let p(g) be the second derivative of 9*g**7/140 + g**5/120 - g**4/3 - 2*g. Let n(a) be the third derivative of p(a). Is n(1) a composite number?
False
Let o(q) = 34*q - 5. Let n be o(6). Suppose 7*i - 5106 + n = 0. Is i a composite number?
False
Suppose -3 = -5*y + 12. Let a be (y/(-2))/(10/(-20)). Suppose 1280 + 775 = a*v. Is v composite?
True
Let a(r) = 2*r**2 - 3*r - 2. Let h be a(-2). Suppose -3*c = 2*c - 15. Suppose -h = -4*y, -2*q + c*y = 2*q - 287. Is q composite?
True
Suppose -2*v = 5*k - 5393 - 10980, -24569 = -3*v + 2*k. Is v composite?
True
Let x(l) = 7021*l - 89. Is x(6) a prime number?
False
Suppose 10*w - 6627 = 18703. Is w a prime number?
False
Suppose 2*q - 35 + 27 = 0. Suppose 2*k + 1699 = l, -3*l + q*k + 6776 = l. Is l a composite number?
True
Suppose -29*p + 9*p = -6520. Is p a composite number?
True
Let o be 4 - (2 - 0)/(-2). Suppose -561 = -6*d - o*d. Is d a prime number?
False
Let b be (1/2)/((-2)/(-10156) - 0). Suppose -b - 1967 = -6*y. Is y composite?
False
Let m = -18 + 40. Let y = 10 - m. Is (-1152)/(y/3) - -3 a prime number?
False
Is 1898 + (-1)/(98/21 + -5) composite?
False
Let p = 264882 - 158573. Is p a composite number?
True
Let p(b) = b**3 + 12*b**2 + 17*b + 14. Let o = 51 - 59. Is p(o) a composite number?
True
Let y(k) = 76*k - 456. Let n be y(6). Let j = 93 - 46. Suppose -j = -n